- 2. Calculate y(m).
2
Let o be 6 + (-2 - (1 - 2)). Suppose 5*p - 1 = -o*h + 9, 0 = 5*p - h + 2. Let s(l) = -l**2 + l + 7. Give s(p).
7
Let n(i) = -2*i + 3*i**2 - 3 + 3*i + i**3 + i**2. Let d be (-16)/(-10)*(-40)/16. What is n(d)?
-7
Let u(f) = -f - 1. Suppose 2*d - 4*y + 2 = 0, -2*y - 9 - 4 = d. Determine u(d).
6
Let y(g) = g**2 - 10*g + 9. Suppose 9*u + 12 = 11*u. Determine y(u).
-15
Let z(q) = q**3 - 6*q**2 - 3*q - 4. Let s(c) = c**2 - c - 1. Let h(w) = -s(w) - z(w). Determine h(6).
-7
Let w(d) be the third derivative of -d**4/24 + 2*d**2. Let g(h) = -h + 4 + 1 - 1 - 1. Let y be g(0). What is w(y)?
-3
Let l(j) = j + 7. Let o be l(-5). Suppose 5*q + 5 = 0, t + 0*t + o*q = -7. Let n(u) = -u - 3. Let i(m) = -m - 3. Let b(p) = -3*i(p) + 2*n(p). Give b(t).
-2
Suppose 0 = -5*i + 13 + 12. Let y be 18/i + (-12)/(-30). Let z(x) = y*x - 2*x**2 + 0*x**2 + 1 + 3*x**2. Give z(-3).
-2
Let q(z) be the second derivative of z**3/6 + 2*z**2 + z. Give q(3).
7
Let q(w) = -w**3 - 2*w**2 - w + 1. Let r be (-1 - (4 - 7))*-1. Give q(r).
3
Let b be (-2 - -4 - 3)*2. Let n = -6 - b. Let t(p) = -p**3 - 3*p**2 + 2*p. Determine t(n).
8
Suppose -3*h = -12, -3*d + h + 0*h + 74 = 0. Let j be (-240)/(-39) - 4/d. Let n(i) = -i + 10. Give n(j).
4
Let d(m) = 2*m + 4. Let j be d(-1). Let a(p) = p**3 - 2*p**2 - 2*p + 3. Calculate a(j).
-1
Let a(i) be the second derivative of -7*i**3/6 - i**2/2 - 6*i. Determine a(-1).
6
Let a be -4 + (3 + -7 - -2). Let y(f) = -f**3 - 5*f**2 + 8*f + 9. Calculate y(a).
-3
Let p(q) be the first derivative of q**3/3 - 3*q**2/2 + 4*q + 15. Let k be (0 - (-2 + 4)) + 5. What is p(k)?
4
Let k(t) = -9*t**2 - 1. Suppose -13*v = -16*v + 12. Suppose 2*i = -2*i + v. What is k(i)?
-10
Suppose 4*b + 3*d = -7, -2 = b - 2*d - 3. Let g(w) = 5*w**3 + 2*w**2 + w - 3*w**3 + w**3. What is g(b)?
-2
Let t = 56 + -66. Let x(z) = z - 12. Calculate x(t).
-22
Let h(l) be the second derivative of l**4/12 - l**3/2 - 4*l. Give h(2).
-2
Let i(n) = n**2 + 3*n - 3. Let z = 4 + -1. Let g be -3 - (-3 + 8/1). Let q = z + g. Give i(q).
7
Let l(n) = -n**3 + 17*n**2 - 18*n + 26. Let x be l(16). Let p(h) be the second derivative of -h**5/20 - 5*h**4/12 + h**3/2 - h**2 + 2*h. Calculate p(x).
16
Let l(m) = -8*m**3 - 2*m**2 + m. Let n(h) = 3*h. Let u be n(1). Let g be 2/u*6/4. Give l(g).
-9
Let b(s) = -9*s + 3*s**2 + 2*s + 2*s**2 - 4*s**2. Give b(6).
-6
Let n(z) = 2*z. Let m(h) = -h**3 + 2*h**2 - 1. Let b be m(1). Suppose -2*l + b*v - v - 2 = 0, -l - 3*v = 1. Calculate n(l).
-2
Let j(m) = 1. Let r(l) = 6*l**2 + l - 7. Let p(k) = -6*j(k) - r(k). Suppose i + 3 = 4. Give p(i).
-6
Let t(b) = 8*b. Let a be (2 - (-96)/(-20)) + 1/(-5). Calculate t(a).
-24
Suppose -2*c + 3 = f, f + c + 1 = 3. Let o(d) = 2*d + f - 4*d**2 + 3*d**2 + d**2 + d**3 + 4*d**2. Give o(-3).
4
Let n be ((-8)/(-8))/((1 - 2)/(-4)). Let y(t) = t**3 - 2*t**2 - 4*t - 4. Give y(n).
12
Suppose 12 = -2*d - 2*d + 3*u, -3*u - 12 = 0. Let l be 1/d - 23/6. Let t(b) = b + 2. Determine t(l).
-2
Let y be (-47)/(-9) - 26/117. Let d(j) = j + 2. Determine d(y).
7
Suppose 0 = -4*f + 3*c - c - 22, 2*f - 4 = -2*c. Let m(n) = -13*n - 17. Let k(b) = -6*b - 8. Let l(j) = -9*k(j) + 4*m(j). Give l(f).
-2
Let p(r) = 0*r + 9*r**2 - 1 - 4*r**2 - r + 0. Suppose 3*v + 2 = 4*v + 2*j, 0 = 3*j. Determine p(v).
17
Let k = 0 - 0. Suppose -2 = -4*y + 2*q - 3*q, 2*y - 5*q + 10 = k. Let r(h) be the second derivative of -h**3/6 + 3*h**2/2 + h. Calculate r(y).
3
Let x(n) = 2*n**3 - 2*n + 1. Let w = 50 - 52. What is x(w)?
-11
Let i(f) = -4 + 2 + 1. Let a(r) = r**2 + 2*r + 2. Let s(t) = -a(t) - 3*i(t). Let p(y) be the first derivative of s(y). Calculate p(-5).
8
Let x(w) = 18*w**2 + 1. Suppose -9*p + 4*p = 5. What is x(p)?
19
Let s(n) = n**3 + 5*n**2 + 3*n + 2. Let j(m) = -m**3 - 9*m**2 - 9*m - 12. Let r be j(-8). Determine s(r).
6
Let p be (-10)/(-45) - 4/18. Suppose 4*z + p*z = 0. Let r(x) be the third derivative of x**4/24 + 3*x**3/2 - x**2. Give r(z).
9
Suppose -14 = 2*c + 4*f, 3*c + 4*f + 7 = -6. Let r be (c + (-6)/4)*0. Let x(k) = -k**3 - k**2 + 5. Calculate x(r).
5
Let c(z) = -z**2 + 4*z + 6. Let p be -12*(7/2 - 4). Calculate c(p).
-6
Let r(b) = -4*b**3 + 5*b + 2. Let x(h) = -4 - 5*h + 2 + 5*h**3 + h**2 - 1. Let c(m) = -6*r(m) - 5*x(m). Calculate c(-4).
7
Let c(t) = -11*t**3 - 21*t**2 - 3*t + 3. Let j(k) = -5*k**3 - 10*k**2 - 2*k + 1. Let f(d) = 4*c(d) - 9*j(d). Let s be 8/(-40) - 48/10. Determine f(s).
-2
Suppose -7*y = -5*y + h - 2, -8 = 4*h. Let a be y/1 - (-3)/3. Let i(s) = -s**3 + 3*s**2 - 3. Give i(a).
-3
Let j(d) = 3*d. Let q be 2/12 + (-34)/(-12). Suppose q*z + z = 8. Calculate j(z).
6
Let f(q) be the second derivative of -1/2*q**2 + 0 - 1/12*q**4 + q + 5/6*q**3. Let h be f(4). Let d(c) = 2*c + 4. Give d(h).
10
Let w(p) = p - 6. Let h(u) = u**3 + 16*u**2 + 16*u + 22. Let c be h(-15). Give w(c).
1
Let j(d) = d**3 - d + 3. Suppose -9*q = -8*q. Calculate j(q).
3
Let x = -18 - -20. Let s(d) = -2*d. Let c be s(-2). Suppose 2*v - x = c*v. Let f(u) = u + 2. Determine f(v).
1
Let l(u) = -u - 1. Let n be l(-4). Let v(x) = 5*x**2 - x**3 + 0*x - x**2 - n*x. What is v(3)?
0
Let o(q) = -q**2 - 1. Let p(c) be the third derivative of -c**6/120 - c**5/60 - c**4/24 - c**3/3 + 2*c**2. Let v be p(-2). Suppose v = -r + 2. What is o(r)?
-5
Suppose 9 = -4*w + 7*w. Let z be (-22)/w*(-6)/2. Let h be 6/33 - (-106)/z. Let p(y) = y**2 - 6*y + 5. Calculate p(h).
0
Suppose 2*i - y + 12 = 0, -2*y + 20 = -2*i + y. Let g(o) be the first derivative of -1/2*o**2 + 1 + 4/3*o**3 + 1/4*o**4 - 3*o. Determine g(i).
1
Let u(k) = k**3 - 3*k**2 + 0*k**3 + 7 - 5*k + 10*k. Let j(h) = h**3 + h + 1. Let a(t) = 2*j(t) - u(t). Calculate a(-4).
-9
Let d(y) be the first derivative of -7 + 7/2*y**2 - 1/3*y**3 - 3*y. Let f = -7 - -13. Determine d(f).
3
Let x(a) be the second derivative of a**4/12 + 2*a**3/3 - 5*a**2/2 + 7*a. What is x(-6)?
7
Suppose 0 = -c - 2*c - 15. Let i = 8 + c. Let a(o) = -2 + 2*o - 2*o - o. What is a(i)?
-5
Suppose -4*d - 1 = -5. Suppose -4*s = -d - 15. Let y(w) = w**2 - 6*w + 4. Give y(s).
-4
Let p(g) = -g**2 - 3*g. Let o be p(-4). Let j(y) = -5*y + 2*y**2 + y**3 + 2*y + 2*y**2 - 5. Give j(o).
7
Let i(b) = b**2 - b - 3. Let u(g) = 3*g**2 - 4*g - 8. Let o(w) = -11*i(w) + 4*u(w). What is o(2)?
-5
Let t(d) = d - 4. Suppose 3*m + 0 + 12 = 2*h, 2*h = -4*m - 16. Calculate t(h).
-4
Let c(i) be the second derivative of 1/3*i**4 + 1/20*i**5 - 3*i + 0 - i**2 + 1/6*i**3. Let y be 0 - 3 - (1 - 0). What is c(y)?
-6
Let k(q) = -q**2 + q + 2. Suppose 5*j = j - 5*z - 5, 4*j - 3 = 3*z. Calculate k(j).
2
Let u(j) = j**2 + 6*j. Let h be u(-7). Let f(x) = -7*x + 8*x**2 + 2 - 3 + 6 - x**3. What is f(h)?
5
Suppose -1 = -3*h + 11. Suppose 0 = -q - h*q. Let c(j) = q + 1 - j + 0*j. What is c(1)?
0
Suppose s - 4*s + 6 = 0. Let g be 0*s/(6 + 2). Let a(c) = c**3 - c**2 - c - 5. Give a(g).
-5
Let g(c) = 6*c**2 + 3*c - 3. Let p(j) = 7*j**2 + 4*j - 4. Let h(n) = -6*g(n) + 5*p(n). Give h(4).
-10
Let g(k) = k + 2. Let t be g(3). Let x(d) = d**3 - 6*d**2 + 5*d + 2. Calculate x(t).
2
Let g(o) = o + 3. Let n = 1 + 3. Suppose -n*t = -3*t. Let y be (-1 - t) + 0 - 2. Calculate g(y).
0
Let s(m) = m + 2. Let v(a) be the first derivative of -a**4/4 + 5*a**3/3 - a**2/2 + 5*a - 2. Let j be v(5). Let z be s(j). Let u(t) = -3*t**2 + t. Give u(z).
-10
Let t(k) = 9*k**3 + 1. Suppose 0 = -4*j - 4*c + 16, -12 = -3*j + 2*c - 0*c. Suppose 5 - 17 = j*o. Let l be (1/o)/((-3)/9). What is t(l)?
10
Let d(l) = -8*l + 2. Suppose 5*x = -8 - 2. What is d(x)?
18
Let o be 1 + 1 - (3 + -3). Let y be (o/(-6))/(5/30). Let s(u) = 3*u**3 + 3*u**2 - u - 2. Determine s(y).
-12
Let j(y) = y + 1. Let g(c) = -4*c - 5. Let h(k) = -g(k) - 5*j(k). Suppose -63*n = -67*n + 8. Let f(a) = 3*a - 3. Let o(l) = n*h(l) + f(l). Calculate o(-4).
-7
Let u = -42 + 43. Let q(j) be the first derivative of 5*j + 1/2*j**2 - u. Give q(-4).
1
Suppose o + 0*x + 3*x = 18, -12 = -4*o + 3*x. Let m(y) = o - 1 + 5*y - 8*y + 3. Give m(6).
-10
Let t(w) = 2*w - 2*w + 5 + 0 - 3*w. Calculate t(4).
-7
Let d(z) = z**3 - 4*z**2 - z + 2. Let a(r) be the first derivative of r**3/3 - 2*r**2 + r - 2. Let u be a(4). Let i be ((-2)/4)/u*-8. What is d(i)?
-2
Let l(w) be the second derivative of -w**5/20 - w**4/2 - w**3/6 + 2*w**2 + w. Let n be ((-9)/4)/(21/56). Give l(n).
10
Let r = 2 - 